ed by 59.
4
Calculate the remainder when 2174 is divided by 68.
66
Calculate the remainder when 98 is divided by 24.
2
Calculate the remainder when 1212 is divided by 306.
294
Calculate the remainder when 650 is divided by 313.
24
What is the remainder when 1658 is divided by 20?
18
What is the remainder when 245 is divided by 26?
11
What is the remainder when 169 is divided by 28?
1
What is the remainder when 745 is divided by 6?
1
What is the remainder when 265 is divided by 4?
1
Calculate the remainder when 16490 is divided by 23.
22
Calculate the remainder when 1066 is divided by 271.
253
What is the remainder when 299 is divided by 103?
93
What is the remainder when 1870 is divided by 204?
34
What is the remainder when 194 is divided by 72?
50
What is the remainder when 423 is divided by 106?
105
Calculate the remainder when 26 is divided by 12.
2
What is the remainder when 1729 is divided by 1728?
1
Calculate the remainder when 525 is divided by 106.
101
What is the remainder when 2901 is divided by 68?
45
What is the remainder when 972 is divided by 333?
306
What is the remainder when 125 is divided by 29?
9
Calculate the remainder when 40 is divided by 16.
8
Calculate the remainder when 1196 is divided by 71.
60
What is the remainder when 551 is divided by 292?
259
What is the remainder when 354 is divided by 171?
12
Calculate the remainder when 163 is divided by 33.
31
Calculate the remainder when 1025 is divided by 33.
2
What is the remainder when 823 is divided by 821?
2
Calculate the remainder when 752 is divided by 281.
190
Calculate the remainder when 2594 is divided by 1285.
24
Calculate the remainder when 7416 is divided by 1235.
6
Calculate the remainder when 191 is divided by 60.
11
Calculate the remainder when 111 is divided by 66.
45
What is the remainder when 515 is divided by 12?
11
Calculate the remainder when 2351 is divided by 3.
2
What is the remainder when 165 is divided by 21?
18
What is the remainder when 893 is divided by 21?
11
What is the remainder when 2365 is divided by 19?
9
What is the remainder when 189 is divided by 8?
5
What is the remainder when 3645 is divided by 101?
9
Calculate the remainder when 194 is divided by 26.
12
Calculate the remainder when 549 is divided by 23.
20
What is the remainder when 2014 is divided by 405?
394
Calculate the remainder when 399 is divided by 29.
22
Calculate the remainder when 475 is divided by 41.
24
Calculate the remainder when 474 is divided by 25.
24
What is the remainder when 603 is divided by 55?
53
Calculate the remainder when 2100 is divided by 111.
102
Calculate the remainder when 1217 is divided by 394.
35
What is the remainder when 129 is divided by 39?
12
What is the remainder when 49 is divided by 20?
9
Calculate the remainder when 429 is divided by 48.
45
Calculate the remainder when 404 is divided by 128.
20
Calculate the remainder when 17726 is divided by 22.
16
Calculate the remainder when 595 is divided by 26.
23
Calculate the remainder when 83 is divided by 82.
1
What is the remainder when 9248 is divided by 37?
35
What is the remainder when 115 is divided by 88?
27
Calculate the remainder when 320 is divided by 22.
12
What is the remainder when 1678 is divided by 23?
22
Calculate the remainder when 125 is divided by 17.
6
Calculate the remainder when 48 is divided by 28.
20
Calculate the remainder when 2114 is divided by 92.
90
What is the remainder when 185 is divided by 88?
9
What is the remainder when 964 is divided by 10?
4
What is the remainder when 2308 is divided by 77?
75
What is the remainder when 255 is divided by 32?
31
Calculate the remainder when 233 is divided by 47.
45
What is the remainder when 4218 is divided by 468?
6
Calculate the remainder when 45 is divided by 13.
6
Calculate the remainder when 438 is divided by 11.
9
Calculate the remainder when 279 is divided by 56.
55
What is the remainder when 80 is divided by 24?
8
Calculate the remainder when 9734 is divided by 59.
58
What is the remainder when 1086 is divided by 42?
36
What is the remainder when 1757 is divided by 16?
13
Calculate the remainder when 279 is divided by 71.
66
What is the remainder when 89 is divided by 30?
29
What is the remainder when 82 is divided by 45?
37
What is the remainder when 395 is divided by 18?
17
Calculate the remainder when 92 is divided by 9.
2
What is the remainder when 78 is divided by 34?
10
What is the remainder when 163 is divided by 55?
53
Calculate the remainder when 30 is divided by 6.
0
Calculate the remainder when 867 is divided by 67.
63
What is the remainder when 2667 is divided by 29?
28
Calculate the remainder when 468 is divided by 210.
48
Calculate the remainder when 173 is divided by 36.
29
What is the remainder when 478 is divided by 215?
48
Calculate the remainder when 43 is divided by 26.
17
What is the remainder when 129 is divided by 79?
50
What is the remainder when 12007 is divided by 156?
151
Calculate the remainder when 1598 is divided by 46.
34
Calculate the remainder when 3856 is divided by 255.
31
What is the remainder when 23 is divided by 6?
5
Calculate the remainder when 1142 is divided by 6.
2
What is the remainder when 438 is divided by 223?
215
What is the remainder when 69 is divided by 16?
5
What is the remainder when 24150 is divided by 249?
246
Calculate the remainder when 629 is divided by 35.
34
Calculate the remainder when 192 is divided by 52.
36
What is the remainder when 572 is divided by 312?
260
What is the remainder when 936 is divided by 930?
6
What is the remainder when 95 is divided by 33?
29
Calculate the remainder when 362 is divided by 13.
11
What is the remainder when 301 is divided by 44?
37
Calculate the remainder when 259 is divided by 85.
4
What is the remainder when 1126 is divided by 23?
22
Calculate the remainder when 63 is divided by 63.
0
What is the remainder when 231 is divided by 29?
28
Calculate the remainder when 34 is divided by 28.
6
Calculate the remainder when 238 is divided by 24.
22
Calculate the remainder when 336 is divided by 41.
8
Calculate the remainder when 1811 is divided by 19.
6
What is the remainder when 2459 is divided by 22?
17
What is the remainder when 376 is divided by 14?
12
Calculate the remainder when 126 is divided by 46.
34
Calculate the remainder when 70 is divided by 7.
0
Calculate the remainder when 105 is divided by 16.
9
What is the remainder when 15983 is divided by 72?
71
What is the remainder when 171 is divided by 28?
3
What is the remainder when 152 is divided by 15?
2
Calculate the remainder when 5342 is divided by 16.
14
What is the remainder when 4330 is divided by 271?
265
Calculate the remainder when 599 is divided by 186.
41
What is the remainder when 2088 is divided by 95?
93
Calculate the remainder when 320 is divided by 54.
50
Calculate the remainder when 431 is divided by 24.
23
What is the remainder when 112 is divided by 13?
8
Calculate the remainder when 97 is divided by 28.
13
What is the remainder when 351 is divided by 43?
7
Calculate the remainder when 233 is divided by 81.
71
What is the remainder when 123 is divided by 42?
39
What is the remainder when 18798 is divided by 100?
98
Calculate the remainder when 1583 is divided by 68.
19
Calculate the remainder when 1220 is divided by 111.
110
What is the remainder when 413 is divided by 105?
98
Calculate the remainder when 276 is divided by 65.
16
What is the remainder when 993 is divided by 125?
118
Calculate the remainder when 493 is divided by 156.
25
What is the remainder when 18940 is divided by 66?
64
What is the remainder when 504 is divided by 11?
9
What is the remainder when 2002 is divided by 272?
98
What is the remainder when 477 is divided by 232?
13
Calculate the remainder when 164 is divided by 45.
29
What is the remainder when 849 is divided by 50?
49
Calculate the remainder when 2886 is divided by 62.
34
What is the remainder when 3836 is divided by 80?
76
Calculate the remainder when 819 is divided by 83.
72
What is the remainder when 3153 is divided by 349?
12
Calculate the remainder when 291 is divided by 54.
21
What is the remainder when 56 is divided by 5?
1
What is the remainder when 224 is divided by 38?
34
Calculate the remainder when 144 is di